{"id":38,"date":"2016-06-14T06:15:58","date_gmt":"2016-06-14T06:15:58","guid":{"rendered":"http:\/\/wordpress.null\/?page_id=38"},"modified":"2020-10-22T15:16:03","modified_gmt":"2020-10-22T15:16:03","slug":"contacto","status":"publish","type":"page","link":"https:\/\/valorambiental.cl\/nueva\/contacto\/","title":{"rendered":"Contacto"},"content":{"rendered":"<p>[vc_row full_width=&#8221;stretch_row_content_no_spaces&#8221; remove_margin_bottom=&#8221;yes&#8221; remove_padding_bottom=&#8221;yes&#8221;][vc_column remove_margin_bottom=&#8221;yes&#8221; remove_padding_bottom=&#8221;yes&#8221;][vc_column_text]<iframe loading=\"lazy\" style=\"border: 0;\" tabindex=\"0\" src=\"https:\/\/www.google.com\/maps\/embed?pb=!1m14!1m8!1m3!1d13832.355722054252!2d-71.2522883651123!3d-29.91934186810202!3m2!1i1024!2i768!4f13.1!3m3!1m2!1s0x0%3A0x1f31e6b194a598db!2sValor%20Ambiental!5e0!3m2!1ses-419!2scl!4v1602863533493!5m2!1ses-419!2scl\" width=\"100%\" height=\"450\" frameborder=\"0\" allowfullscreen=\"allowfullscreen\" aria-hidden=\"false\"><\/iframe>[\/vc_column_text][\/vc_column][\/vc_row][vc_row wrap_container=&#8221;yes&#8221; el_class=&#8221;m-b-xl&#8221;][vc_column width=&#8221;1\/2&#8243;]<div role=\"form\" class=\"wpcf7\" id=\"wpcf7-f74-o1\" lang=\"en-US\" dir=\"ltr\">\n<div class=\"screen-reader-response\"><p role=\"status\" aria-live=\"polite\" aria-atomic=\"true\"><\/p> <ul><\/ul><\/div>\n<form action=\"\/nueva\/wp-json\/wp\/v2\/pages\/38#wpcf7-f74-o1\" method=\"post\" class=\"wpcf7-form init\" novalidate=\"novalidate\" data-status=\"init\">\n<div style=\"display: none;\">\n<input type=\"hidden\" name=\"_wpcf7\" value=\"74\" \/>\n<input type=\"hidden\" name=\"_wpcf7_version\" value=\"5.3\" \/>\n<input type=\"hidden\" name=\"_wpcf7_locale\" value=\"en_US\" \/>\n<input type=\"hidden\" name=\"_wpcf7_unit_tag\" value=\"wpcf7-f74-o1\" \/>\n<input type=\"hidden\" name=\"_wpcf7_container_post\" value=\"0\" \/>\n<input type=\"hidden\" name=\"_wpcf7_posted_data_hash\" value=\"\" \/>\n<\/div>\n<h2 class=\"short mb-2\"><b>Contacto<\/b><\/h2>\n<p class=\"mb-5\">Para m\u00e1s informaci\u00f3n y consultas env\u00edenos un mensaje<\/p>\n<div class=\"row form-row\">\n<div class=\"col-lg-6\">\n<div class=\"form-group\">\n            <label for=\"contact-name\" class=\"font-weight-bold text-dark\">Nombre *<\/label><br \/>\n            <span class=\"wpcf7-form-control-wrap your-name\"><input type=\"text\" name=\"your-name\" value=\"\" size=\"40\" class=\"wpcf7-form-control wpcf7-text wpcf7-validates-as-required form-control\" id=\"contact-name\" aria-required=\"true\" aria-invalid=\"false\" \/><\/span>\n        <\/div><\/div>\n<div class=\"col-lg-6\">\n<div class=\"form-group\">\n            <label for=\"contact-email\" class=\"font-weight-bold text-dark\">Email *<\/label><br \/>\n            <span class=\"wpcf7-form-control-wrap your-email\"><input type=\"email\" name=\"your-email\" value=\"\" size=\"40\" class=\"wpcf7-form-control wpcf7-text wpcf7-email wpcf7-validates-as-required wpcf7-validates-as-email form-control\" id=\"contact-email\" aria-required=\"true\" aria-invalid=\"false\" \/><\/span>\n        <\/div><\/div>\n<div class=\"col-lg-12\">\n<div class=\"form-group\">\n            <label for=\"contact-subject\" class=\"font-weight-bold text-dark\">Asunto<\/label><br \/>\n            <span class=\"wpcf7-form-control-wrap your-subject\"><input type=\"text\" name=\"your-subject\" value=\"\" size=\"40\" class=\"wpcf7-form-control wpcf7-text form-control\" id=\"contact-subject\" aria-invalid=\"false\" \/><\/span>\n        <\/div><\/div>\n<div class=\"col-lg-12\">\n<div class=\"form-group\">\n            <label for=\"contact-message\" class=\"font-weight-bold text-dark\">Mensaje<\/label><br \/>\n            <span class=\"wpcf7-form-control-wrap your-message\"><textarea name=\"your-message\" cols=\"40\" rows=\"10\" class=\"wpcf7-form-control wpcf7-textarea form-control\" id=\"contact-message\" aria-invalid=\"false\"><\/textarea><\/span><br \/>\n<span class=\"wpcf7-form-control-wrap quiz-475\"><label><span class=\"wpcf7-quiz-label\">\u00bfA qu\u00e9 Regi\u00f3n de Chile pertenece la ciudad Coquimbo?<\/span> <input type=\"text\" name=\"quiz-475\" size=\"40\" class=\"wpcf7-form-control wpcf7-quiz\" autocomplete=\"off\" aria-required=\"true\" aria-invalid=\"false\" \/><\/label><input type=\"hidden\" name=\"_wpcf7_quiz_answer_quiz-475\" value=\"140d29bdc797c0ed012f93f8377e88fa\" \/><\/span>\n        <\/div><\/div>\n<div class=\"col-lg-12\">\n<div class=\"form-group\">\n            <input type=\"submit\" value=\"Enviar mensaje\" class=\"wpcf7-form-control wpcf7-submit btn btn-primary btn-modern\" \/>\n        <\/div><\/div>\n<\/div>\n<div class=\"wpcf7-response-output\" aria-hidden=\"true\"><\/div><\/form><\/div>[\/vc_column][vc_column width=&#8221;1\/2&#8243; el_class=&#8221;info-box-small&#8221;][vc_custom_heading text=&#8221;Nuestras <strong>Oficinas<\/strong>&#8221; font_container=&#8221;tag:h4|text_align:left&#8221; use_theme_fonts=&#8221;yes&#8221; skin=&#8221;dark&#8221;]<div class=\"porto-sicon-box style_1 default-icon\"><div class=\"porto-sicon-default\"><div id=\"porto-icon-151442098169f57bd41be23\" class=\"porto-just-icon-wrapper\" style=\"text-align:center;\"><div class=\"porto-icon advanced\" style=\"color:#774d28;background:transparent;border-style:solid;border-color:#774d28;border-width:1px;width:25px;height:25px;line-height:25px;border-radius:25px;font-size:12px;display:inline-block;\"><i class=\"fas fa-map-marker-alt\"><\/i><\/div><\/div><\/div><div class=\"porto-sicon-header\" ><p><strong>Direcci\u00f3n:<\/strong> Miguel Aguirre Perry 2080, La Serena, Chile<\/p><\/div> <!-- header --><\/div><!-- porto-sicon-box --><div class=\"porto-sicon-box style_1 default-icon\"><div class=\"porto-sicon-default\"><div id=\"porto-icon-195704474869f57bd41c197\" class=\"porto-just-icon-wrapper\" style=\"text-align:center;\"><div class=\"porto-icon advanced\" style=\"color:#76bc21;background:transparent;border-style:solid;border-color:#76bc21;border-width:1px;width:25px;height:25px;line-height:25px;border-radius:25px;font-size:12px;display:inline-block;\"><i class=\"fas fa-phone\"><\/i><\/div><\/div><\/div><div class=\"porto-sicon-header\" ><p><strong>Tel\u00e9fono<\/strong>: +56 51 - 2283338<\/p><\/div> <!-- header --><\/div><!-- porto-sicon-box --><div class=\"porto-sicon-box style_1 default-icon\"><div class=\"porto-sicon-default\"><div id=\"porto-icon-148449839469f57bd41c484\" class=\"porto-just-icon-wrapper\" style=\"text-align:center;\"><div class=\"porto-icon advanced\" style=\"color:#ff6b00;background:transparent;border-style:solid;border-color:#ff6b00;border-width:1px;width:25px;height:25px;line-height:25px;border-radius:25px;font-size:12px;display:inline-block;\"><i class=\"fas fa-envelope\"><\/i><\/div><\/div><\/div><div class=\"porto-sicon-header\" ><p><strong>Email<\/strong>: contacto@valorambiental.cl<\/p><\/div> <!-- header --><\/div><!-- porto-sicon-box -->[vc_custom_heading text=&#8221;Horario de <strong>Atenci\u00f3n<\/strong>&#8221; font_container=&#8221;tag:h4|text_align:left&#8221; use_theme_fonts=&#8221;yes&#8221; skin=&#8221;dark&#8221; el_class=&#8221;mt-5&#8243;]<div class=\"porto-sicon-box style_1 default-icon flex-wrap\"><div class=\"porto-sicon-default\"><div id=\"porto-icon-40117313069f57bd41c76e\" class=\"porto-just-icon-wrapper\" style=\"text-align:center;\"><div class=\"porto-icon none\" style=\"font-size:14px;display:inline-block;\"><i class=\"far fa-clock\"><\/i><\/div><\/div><\/div><div class=\"porto-sicon-header\" ><p>Lunes - Jueves<\/p><\/div> <!-- header --><div class=\"porto-sicon-description\" style=\"\">8:30\u201313:30<\/p>\n<p>14:30\u201319:00<\/p>\n<div id=\"gtx-trans\" style=\"position: absolute; left: 17px; top: -10px;\">\n<div class=\"gtx-trans-icon\"><\/div>\n<\/div>\n<p><\/div> <!-- description --><\/div><!-- porto-sicon-box --><div class=\"porto-sicon-box style_1 default-icon flex-wrap\"><div class=\"porto-sicon-default\"><div id=\"porto-icon-134742913169f57bd41ca5f\" class=\"porto-just-icon-wrapper\" style=\"text-align:center;\"><div class=\"porto-icon none\" style=\"font-size:14px;display:inline-block;\"><i class=\"far fa-clock\"><\/i><\/div><\/div><\/div><div class=\"porto-sicon-header\" ><p>Viernes<\/p><\/div> <!-- header --><div class=\"porto-sicon-description\" style=\"\">8:30\u201313:00<\/div> <!-- description --><\/div><!-- porto-sicon-box -->[\/vc_column][\/vc_row]<\/p>\n","protected":false},"excerpt":{"rendered":"<p>[vc_row full_width=&#8221;stretch_row_content_no_spaces&#8221; remove_margin_bottom=&#8221;yes&#8221; remove_padding_bottom=&#8221;yes&#8221;][vc_column remove_margin_bottom=&#8221;yes&#8221; remove_padding_bottom=&#8221;yes&#8221;][vc_column_text][\/vc_column_text][\/vc_column][\/vc_row][vc_row wrap_container=&#8221;yes&#8221; el_class=&#8221;m-b-xl&#8221;][vc_column width=&#8221;1\/2&#8243;][\/vc_column][vc_column width=&#8221;1\/2&#8243; el_class=&#8221;info-box-small&#8221;][vc_custom_heading text=&#8221;Nuestras Oficinas&#8221; font_container=&#8221;tag:h4|text_align:left&#8221; use_theme_fonts=&#8221;yes&#8221; skin=&#8221;dark&#8221;][vc_custom_heading text=&#8221;Horario de Atenci\u00f3n&#8221; font_container=&#8221;tag:h4|text_align:left&#8221; use_theme_fonts=&#8221;yes&#8221; skin=&#8221;dark&#8221; el_class=&#8221;mt-5&#8243;][\/vc_column][\/vc_row]<\/p>\n","protected":false},"author":1,"featured_media":0,"parent":0,"menu_order":0,"comment_status":"closed","ping_status":"closed","template":"","meta":[],"_links":{"self":[{"href":"https:\/\/valorambiental.cl\/nueva\/wp-json\/wp\/v2\/pages\/38"}],"collection":[{"href":"https:\/\/valorambiental.cl\/nueva\/wp-json\/wp\/v2\/pages"}],"about":[{"href":"https:\/\/valorambiental.cl\/nueva\/wp-json\/wp\/v2\/types\/page"}],"author":[{"embeddable":true,"href":"https:\/\/valorambiental.cl\/nueva\/wp-json\/wp\/v2\/users\/1"}],"replies":[{"embeddable":true,"href":"https:\/\/valorambiental.cl\/nueva\/wp-json\/wp\/v2\/comments?post=38"}],"version-history":[{"count":8,"href":"https:\/\/valorambiental.cl\/nueva\/wp-json\/wp\/v2\/pages\/38\/revisions"}],"predecessor-version":[{"id":3289,"href":"https:\/\/valorambiental.cl\/nueva\/wp-json\/wp\/v2\/pages\/38\/revisions\/3289"}],"wp:attachment":[{"href":"https:\/\/valorambiental.cl\/nueva\/wp-json\/wp\/v2\/media?parent=38"}],"curies":[{"name":"wp","href":"https:\/\/api.w.org\/{rel}","templated":true}]}}

<p>[vc_row full_width=&#8221;stretch_row_content_no_spaces&#8221; remove_margin_bottom=&#8221;yes&#8221; remove_padding_bottom=&#8221;yes&#8221;][vc_column remove_margin_bottom=&#8221;yes&#8221; remove_padding_bottom=&#8221;yes&#8221;][vc_column_text]<iframe loading="lazy" style="border: 0;" tabindex="0" src="https://www.google.com/maps/embed?pb=!1m14!1m8!1m3!1d13832.355722054252!2d-71.2522883651123!3d-29.91934186810202!3m2!1i1024!2i768!4f13.1!3m3!1m2!1s0x0%3A0x1f31e6b194a598db!2sValor%20Ambiental!5e0!3m2!1ses-419!2scl!4v1602863533493!5m2!1ses-419!2scl" width="100%" height="450" frameborder="0" allowfullscreen="allowfullscreen" aria-hidden="false"></iframe>[/vc_column_text][/vc_column][/vc_row][vc_row wrap_container=&#8221;yes&#8221; el_class=&#8221;m-b-xl&#8221;][vc_column width=&#8221;1/2&#8243;]<div role="form" class="wpcf7" id="wpcf7-f74-o1" lang="en-US" dir="ltr">
<div class="screen-reader-response"><p role="status" aria-live="polite" aria-atomic="true"></p> <ul></ul></div>
<form action="/nueva/wp-json/wp/v2/pages/38#wpcf7-f74-o1" method="post" class="wpcf7-form init" novalidate="novalidate" data-status="init">
<div style="display: none;">
<input type="hidden" name="_wpcf7" value="74" />
<input type="hidden" name="_wpcf7_version" value="5.3" />
<input type="hidden" name="_wpcf7_locale" value="en_US" />
<input type="hidden" name="_wpcf7_unit_tag" value="wpcf7-f74-o1" />
<input type="hidden" name="_wpcf7_container_post" value="0" />
<input type="hidden" name="_wpcf7_posted_data_hash" value="" />
</div>
<h2 class="short mb-2"><b>Contacto</b></h2>
<p class="mb-5">Para más información y consultas envíenos un mensaje</p>
<div class="row form-row">
<div class="col-lg-6">
<div class="form-group">
            <label for="contact-name" class="font-weight-bold text-dark">Nombre *</label><br />
            <span class="wpcf7-form-control-wrap your-name"><input type="text" name="your-name" value="" size="40" class="wpcf7-form-control wpcf7-text wpcf7-validates-as-required form-control" id="contact-name" aria-required="true" aria-invalid="false" /></span>
        </div></div>
<div class="col-lg-6">
<div class="form-group">
            <label for="contact-email" class="font-weight-bold text-dark">Email *</label><br />
            <span class="wpcf7-form-control-wrap your-email"><input type="email" name="your-email" value="" size="40" class="wpcf7-form-control wpcf7-text wpcf7-email wpcf7-validates-as-required wpcf7-validates-as-email form-control" id="contact-email" aria-required="true" aria-invalid="false" /></span>
        </div></div>
<div class="col-lg-12">
<div class="form-group">
            <label for="contact-subject" class="font-weight-bold text-dark">Asunto</label><br />
            <span class="wpcf7-form-control-wrap your-subject"><input type="text" name="your-subject" value="" size="40" class="wpcf7-form-control wpcf7-text form-control" id="contact-subject" aria-invalid="false" /></span>
        </div></div>
<div class="col-lg-12">
<div class="form-group">
            <label for="contact-message" class="font-weight-bold text-dark">Mensaje</label><br />
            <span class="wpcf7-form-control-wrap your-message"><textarea name="your-message" cols="40" rows="10" class="wpcf7-form-control wpcf7-textarea form-control" id="contact-message" aria-invalid="false"></textarea></span><br />
<span class="wpcf7-form-control-wrap quiz-475"><label><span class="wpcf7-quiz-label">¿A qué Región de Chile pertenece la ciudad Coquimbo?</span> <input type="text" name="quiz-475" size="40" class="wpcf7-form-control wpcf7-quiz" autocomplete="off" aria-required="true" aria-invalid="false" /></label><input type="hidden" name="_wpcf7_quiz_answer_quiz-475" value="140d29bdc797c0ed012f93f8377e88fa" /></span>
        </div></div>
<div class="col-lg-12">
<div class="form-group">
            <input type="submit" value="Enviar mensaje" class="wpcf7-form-control wpcf7-submit btn btn-primary btn-modern" />
        </div></div>
</div>
<div class="wpcf7-response-output" aria-hidden="true"></div></form></div>[/vc_column][vc_column width=&#8221;1/2&#8243; el_class=&#8221;info-box-small&#8221;][vc_custom_heading text=&#8221;Nuestras <strong>Oficinas</strong>&#8221; font_container=&#8221;tag:h4|text_align:left&#8221; use_theme_fonts=&#8221;yes&#8221; skin=&#8221;dark&#8221;]<div class="porto-sicon-box style_1 default-icon"><div class="porto-sicon-default"><div id="porto-icon-151442098169f57bd41be23" class="porto-just-icon-wrapper" style="text-align:center;"><div class="porto-icon advanced" style="color:#774d28;background:transparent;border-style:solid;border-color:#774d28;border-width:1px;width:25px;height:25px;line-height:25px;border-radius:25px;font-size:12px;display:inline-block;"><i class="fas fa-map-marker-alt"></i></div></div></div><div class="porto-sicon-header" ><p><strong>Dirección:</strong> Miguel Aguirre Perry 2080, La Serena, Chile</p></div> <!-- header --></div><!-- porto-sicon-box --><div class="porto-sicon-box style_1 default-icon"><div class="porto-sicon-default"><div id="porto-icon-195704474869f57bd41c197" class="porto-just-icon-wrapper" style="text-align:center;"><div class="porto-icon advanced" style="color:#76bc21;background:transparent;border-style:solid;border-color:#76bc21;border-width:1px;width:25px;height:25px;line-height:25px;border-radius:25px;font-size:12px;display:inline-block;"><i class="fas fa-phone"></i></div></div></div><div class="porto-sicon-header" ><p><strong>Teléfono</strong>: +56 51 - 2283338</p></div> <!-- header --></div><!-- porto-sicon-box --><div class="porto-sicon-box style_1 default-icon"><div class="porto-sicon-default"><div id="porto-icon-148449839469f57bd41c484" class="porto-just-icon-wrapper" style="text-align:center;"><div class="porto-icon advanced" style="color:#ff6b00;background:transparent;border-style:solid;border-color:#ff6b00;border-width:1px;width:25px;height:25px;line-height:25px;border-radius:25px;font-size:12px;display:inline-block;"><i class="fas fa-envelope"></i></div></div></div><div class="porto-sicon-header" ><p><strong>Email</strong>: contacto@valorambiental.cl</p></div> <!-- header --></div><!-- porto-sicon-box -->[vc_custom_heading text=&#8221;Horario de <strong>Atención</strong>&#8221; font_container=&#8221;tag:h4|text_align:left&#8221; use_theme_fonts=&#8221;yes&#8221; skin=&#8221;dark&#8221; el_class=&#8221;mt-5&#8243;]<div class="porto-sicon-box style_1 default-icon flex-wrap"><div class="porto-sicon-default"><div id="porto-icon-40117313069f57bd41c76e" class="porto-just-icon-wrapper" style="text-align:center;"><div class="porto-icon none" style="font-size:14px;display:inline-block;"><i class="far fa-clock"></i></div></div></div><div class="porto-sicon-header" ><p>Lunes - Jueves</p></div> <!-- header --><div class="porto-sicon-description" style="">8:30–13:30</p>
<p>14:30–19:00</p>
<div id="gtx-trans" style="position: absolute; left: 17px; top: -10px;">
<div class="gtx-trans-icon"></div>
</div>
<p></div> <!-- description --></div><!-- porto-sicon-box --><div class="porto-sicon-box style_1 default-icon flex-wrap"><div class="porto-sicon-default"><div id="porto-icon-134742913169f57bd41ca5f" class="porto-just-icon-wrapper" style="text-align:center;"><div class="porto-icon none" style="font-size:14px;display:inline-block;"><i class="far fa-clock"></i></div></div></div><div class="porto-sicon-header" ><p>Viernes</p></div> <!-- header --><div class="porto-sicon-description" style="">8:30–13:00</div> <!-- description --></div><!-- porto-sicon-box -->[/vc_column][/vc_row]</p>

<p>[vc_row full_width=&#8221;stretch_row_content_no_spaces&#8221; remove_margin_bottom=&#8221;yes&#8221; remove_padding_bottom=&#8221;yes&#8221;][vc_column remove_margin_bottom=&#8221;yes&#8221; remove_padding_bottom=&#8221;yes&#8221;][vc_column_text][/vc_column_text][/vc_column][/vc_row][vc_row wrap_container=&#8221;yes&#8221; el_class=&#8221;m-b-xl&#8221;][vc_column width=&#8221;1/2&#8243;][/vc_column][vc_column width=&#8221;1/2&#8243; el_class=&#8221;info-box-small&#8221;][vc_custom_heading text=&#8221;Nuestras Oficinas&#8221; font_container=&#8221;tag:h4|text_align:left&#8221; use_theme_fonts=&#8221;yes&#8221; skin=&#8221;dark&#8221;][vc_custom_heading text=&#8221;Horario de Atención&#8221; font_container=&#8221;tag:h4|text_align:left&#8221; use_theme_fonts=&#8221;yes&#8221; skin=&#8221;dark&#8221; el_class=&#8221;mt-5&#8243;][/vc_column][/vc_row]</p>
