{"id":17,"date":"2016-06-14T05:20:40","date_gmt":"2016-06-14T05:20:40","guid":{"rendered":"http:\/\/wordpress.null\/?page_id=17"},"modified":"2021-07-06T23:09:22","modified_gmt":"2021-07-06T23:09:22","slug":"servicios","status":"publish","type":"page","link":"https:\/\/valorambiental.cl\/nueva\/servicios\/","title":{"rendered":"Servicios"},"content":{"rendered":"<p>[vc_row wrap_container=&#8221;yes&#8221; css=&#8221;.vc_custom_1543831225971{padding-top: 50px !important;}&#8221;][vc_column]<div class=\"porto-u-heading\" data-hspacer=\"no_spacer\" data-halign=\"left\" style=\"text-align:left\" data-appear-animation=\"maskUp\" data-appear-animation-delay=\"100\"><div class=\"porto-u-main-heading\"><h2 style=\"font-weight:700;font-size:32px;line-height:42px;\">Nuestros servicios<\/h2><\/div><\/div>[\/vc_column][\/vc_row][vc_row full_width=&#8221;stretch_row&#8221; equal_height=&#8221;yes&#8221; content_placement=&#8221;middle&#8221; wrap_container=&#8221;yes&#8221;][vc_column width=&#8221;3\/4&#8243;][vc_column_text]<\/p>\n<p style=\"text-align: justify;\"><span style=\"font-size: 15px;\">Aprobaciones Ambientales y Sectoriales, <span style=\"font-weight: 400;\">para que la industria pueda llevar a cabo sus operaciones.<\/span><\/span><\/p>\n<p style=\"text-align: justify;\"><span style=\"font-weight: 400; font-size: 15px;\">En\u00a0Valor Ambiental \u00ae\u00a0brindamos una asesor\u00eda integral que entrega un s\u00f3lido respaldo a nuestros clientes en las diferentes etapas de sus proyectos, con el fin de que cumplan con sus compromisos en los plazos establecidos y en concordancia con los requerimientos de normativas y organismos p\u00fablicos.<\/span><\/p>\n<p style=\"text-align: justify;\"><span style=\"font-weight: 400; font-size: 15px;\">La vasta experiencia del equipo en materia de gesti\u00f3n ambiental, nos ayuda a comprender los problemas que enfrentan nuestros clientes, lo cual es clave para poder dise\u00f1ar e implementar soluciones efectivas e innovadoras.\u00a0<\/span><\/p>\n<p style=\"text-align: justify;\"><span style=\"font-weight: 400; font-size: 15px;\">De forma paralela, estamos orgullosos de impulsar un desarrollo sostenible desde la Fundaci\u00f3n Alter Eco, creada al alero de nuestra empresa, y a trav\u00e9s de la cual, podremos contribuir a una mejor calidad vida y cuidado del medio ambiente.<\/span><\/p>\n<p>[\/vc_column_text][\/vc_column][vc_column width=&#8221;1\/4&#8243;][vc_btn title=&#8221;Contacto&#8221; style=&#8221;outline&#8221; shape=&#8221;round&#8221; size=&#8221;xl&#8221; skin=&#8221;primary&#8221; link=&#8221;url:https%3A%2F%2Fvalorambiental.cl%2Fnueva%2Fcontacto%2F|||&#8221;][\/vc_column][\/vc_row][vc_row wrap_container=&#8221;yes&#8221; is_section=&#8221;yes&#8221; remove_margin_top=&#8221;yes&#8221; remove_margin_bottom=&#8221;yes&#8221; remove_border=&#8221;yes&#8221;][vc_column][vc_row_inner animation_delay=&#8221;100&#8243; el_class=&#8221;align-items-center&#8221; animation_type=&#8221;fadeInRight&#8221;][vc_column_inner width=&#8221;1\/3&#8243;][vc_single_image image=&#8221;3308&#8243; img_size=&#8221;full&#8221; el_class=&#8221;mt-4&#8243;][\/vc_column_inner][vc_column_inner width=&#8221;2\/3&#8243;]<div class=\"porto-u-heading\" data-hspacer=\"no_spacer\" data-halign=\"left\" style=\"text-align:left\"><div class=\"porto-u-main-heading\"><h2 style=\"margin-bottom: 20px;font-size:25px;\">Asesor\u00eda en Gesti\u00f3n de Permisos Sectoriales Ambientales<\/h2><\/div><div class=\"porto-u-sub-heading\" style=\"font-size:16.8px;line-height:26px;\">\u2022 Identificaci\u00f3n de permisos aplicables a un proyecto.<\/p>\n<p>\u2022 Gesti\u00f3n estrat\u00e9gica de permisos.<\/p>\n<p>\u2022 Auditor\u00edas de cumplimiento.<\/p>\n<p>\u2022 Elaboraci\u00f3n, tramitaci\u00f3n y seguimiento de los permisos sectoriales identificados.<\/p>\n<p>\u2022 Desarrollo de Ingenier\u00edas.<\/div><\/div>[\/vc_column_inner][\/vc_row_inner][vc_separator color=&#8221;custom&#8221; gap=&#8221;tall&#8221; gradient=&#8221;yes&#8221;][vc_row_inner animation_delay=&#8221;100&#8243; el_class=&#8221;align-items-center&#8221; animation_type=&#8221;fadeInRight&#8221;][vc_column_inner el_class=&#8221;order-md-2&#8243; width=&#8221;1\/3&#8243;][vc_single_image image=&#8221;3309&#8243; img_size=&#8221;full&#8221; el_class=&#8221;mt-4&#8243;][\/vc_column_inner][vc_column_inner width=&#8221;2\/3&#8243;]<div class=\"porto-u-heading\" data-hspacer=\"no_spacer\" data-halign=\"left\" style=\"text-align:left\"><div class=\"porto-u-main-heading\"><h2 style=\"margin-bottom: 20px;font-size:25px;\">Asesor\u00eda en Servicios Ambientales<\/h2><\/div><div class=\"porto-u-sub-heading\" style=\"font-size:16.8px;line-height:26px;\">\u2022 Auditoria, control y seguimiento del cumplimiento de compromisos ambientales.<\/p>\n<p>\u2022 Elaboraci\u00f3n de consultas de pertinencia<\/p>\n<p>\u2022 Gesti\u00f3n ambiental estrat\u00e9gica para proyectos<\/p>\n<p>\u2022 Planes de gesti\u00f3n t\u00e9cnico-legal-ambiental.<\/p>\n<p>\u2022 Elaboraci\u00f3n de permisos ambientales sectoriales (PAS).<\/p>\n<p>\u2022 Asesor\u00edas ambientales de especialidad: Hidrolog\u00eda, flora, fauna, suelos, arqueolog\u00eda, ruido.<\/p>\n<p>\u2022 Monitoreo ambiental: Flora, fauna, arqueolog\u00eda, ruido.<\/div><\/div>[\/vc_column_inner][\/vc_row_inner][vc_separator color=&#8221;custom&#8221; gap=&#8221;tall&#8221; gradient=&#8221;yes&#8221;][vc_row_inner animation_delay=&#8221;100&#8243; el_class=&#8221;align-items-center&#8221; animation_type=&#8221;fadeInLeft&#8221;][vc_column_inner width=&#8221;1\/3&#8243;][vc_single_image image=&#8221;3307&#8243; img_size=&#8221;full&#8221; el_class=&#8221;mt-4&#8243;][\/vc_column_inner][vc_column_inner width=&#8221;2\/3&#8243;]<div class=\"porto-u-heading\" data-hspacer=\"no_spacer\" data-halign=\"left\" style=\"text-align:left\"><div class=\"porto-u-main-heading\"><h2 style=\"margin-bottom: 20px;font-size:25px;\">Desarrollo de Proyectos de Ingenier\u00eda - Arquitectura - Industrial<\/h2><\/div><div class=\"porto-u-sub-heading\" style=\"font-size:16.8px;line-height:26px;\">\u2022 <b>Arquitectura: <\/b>Planificaci\u00f3n industrial y territorial, estandarizaci\u00f3n de normativa vigente para edificaciones, modelos de arquitectura e ingenier\u00eda BIM. Loteos para viviendas sociales (SERVIU).<\/p>\n<p>\u2022 <b>Ingenier\u00edas: <\/b>Conceptual, b\u00e1sica y de detalle.<\/p>\n<p>\u2022 <b>Industrial: <\/b>Estudio de carga de combustibles para instalaciones industriales.<\/div><\/div>[\/vc_column_inner][\/vc_row_inner][vc_separator color=&#8221;custom&#8221; accent_color=&#8221;#dddddd&#8221;][vc_row_inner animation_type=&#8221;fadeInLeft&#8221; el_class=&#8221;align-items-center&#8221;][vc_column_inner width=&#8221;2\/3&#8243;]<div class=\"porto-u-heading\" data-hspacer=\"no_spacer\" data-halign=\"left\" style=\"text-align:left\"><div class=\"porto-u-main-heading\"><h2 style=\"margin-bottom: 20px;font-size:25px;\">Servicios Complementarios<\/h2><\/div><div class=\"porto-u-sub-heading\" style=\"font-size:16.8px;line-height:26px;\">\n<p style=\"text-align: left;\">\u2022 <strong>Seguridad Industrial:<\/strong> Auditor\u00eda de cumplimiento de est\u00e1ndares de seguridad, habilitaci\u00f3n de personal en faenas mineras, capacitaciones, elaboraci\u00f3n de procedimientos y matrices de riesgo.<\/p>\n<p style=\"text-align: left;\">\u2022 <strong>Reportabilidad, Registro y Trazabilidad<\/strong> de proyectos y\/o permisos.<\/p>\n<p><\/div><\/div>[\/vc_column_inner][vc_column_inner width=&#8221;1\/3&#8243;][vc_single_image image=&#8221;3392&#8243; img_size=&#8221;full&#8221; label=&#8221;&#8221; el_class=&#8221;mt-4&#8243;][\/vc_column_inner][\/vc_row_inner][\/vc_column][\/vc_row][vc_row full_width=&#8221;stretch_row_content_no_spaces&#8221; content_placement=&#8221;middle&#8221; video_bg=&#8221;yes&#8221; video_bg_url=&#8221;https:\/\/www.youtube.com\/watch?v=zQj8exS-hTM&amp;feature=youtu.be&amp;ab_channel=FabianVallejos&#8221;][vc_column offset=&#8221;vc_hidden-xs&#8221;][vc_empty_space height=&#8221;400px&#8221;][\/vc_column][\/vc_row]<\/p>\n","protected":false},"excerpt":{"rendered":"<p>[vc_row wrap_container=&#8221;yes&#8221; css=&#8221;.vc_custom_1543831225971{padding-top: 50px !important;}&#8221;][vc_column][\/vc_column][\/vc_row][vc_row full_width=&#8221;stretch_row&#8221; equal_height=&#8221;yes&#8221; content_placement=&#8221;middle&#8221; wrap_container=&#8221;yes&#8221;][vc_column width=&#8221;3\/4&#8243;][vc_column_text] Aprobaciones Ambientales y Sectoriales, para que la industria pueda llevar a cabo sus operaciones. En\u00a0Valor Ambiental \u00ae\u00a0brindamos una asesor\u00eda integral que entrega un s\u00f3lido respaldo a nuestros clientes en las diferentes etapas de sus proyectos, con el fin de que cumplan con sus compromisos en [&hellip;]<\/p>\n","protected":false},"author":1,"featured_media":0,"parent":0,"menu_order":0,"comment_status":"closed","ping_status":"closed","template":"","meta":[],"_links":{"self":[{"href":"https:\/\/valorambiental.cl\/nueva\/wp-json\/wp\/v2\/pages\/17"}],"collection":[{"href":"https:\/\/valorambiental.cl\/nueva\/wp-json\/wp\/v2\/pages"}],"about":[{"href":"https:\/\/valorambiental.cl\/nueva\/wp-json\/wp\/v2\/types\/page"}],"author":[{"embeddable":true,"href":"https:\/\/valorambiental.cl\/nueva\/wp-json\/wp\/v2\/users\/1"}],"replies":[{"embeddable":true,"href":"https:\/\/valorambiental.cl\/nueva\/wp-json\/wp\/v2\/comments?post=17"}],"version-history":[{"count":19,"href":"https:\/\/valorambiental.cl\/nueva\/wp-json\/wp\/v2\/pages\/17\/revisions"}],"predecessor-version":[{"id":3393,"href":"https:\/\/valorambiental.cl\/nueva\/wp-json\/wp\/v2\/pages\/17\/revisions\/3393"}],"wp:attachment":[{"href":"https:\/\/valorambiental.cl\/nueva\/wp-json\/wp\/v2\/media?parent=17"}],"curies":[{"name":"wp","href":"https:\/\/api.w.org\/{rel}","templated":true}]}}

<p>[vc_row wrap_container=&#8221;yes&#8221; css=&#8221;.vc_custom_1543831225971{padding-top: 50px !important;}&#8221;][vc_column]<div class="porto-u-heading" data-hspacer="no_spacer" data-halign="left" style="text-align:left" data-appear-animation="maskUp" data-appear-animation-delay="100"><div class="porto-u-main-heading"><h2 style="font-weight:700;font-size:32px;line-height:42px;">Nuestros servicios</h2></div></div>[/vc_column][/vc_row][vc_row full_width=&#8221;stretch_row&#8221; equal_height=&#8221;yes&#8221; content_placement=&#8221;middle&#8221; wrap_container=&#8221;yes&#8221;][vc_column width=&#8221;3/4&#8243;][vc_column_text]</p>
<p style="text-align: justify;"><span style="font-size: 15px;">Aprobaciones Ambientales y Sectoriales, <span style="font-weight: 400;">para que la industria pueda llevar a cabo sus operaciones.</span></span></p>
<p style="text-align: justify;"><span style="font-weight: 400; font-size: 15px;">En Valor Ambiental ® brindamos una asesoría integral que entrega un sólido respaldo a nuestros clientes en las diferentes etapas de sus proyectos, con el fin de que cumplan con sus compromisos en los plazos establecidos y en concordancia con los requerimientos de normativas y organismos públicos.</span></p>
<p style="text-align: justify;"><span style="font-weight: 400; font-size: 15px;">La vasta experiencia del equipo en materia de gestión ambiental, nos ayuda a comprender los problemas que enfrentan nuestros clientes, lo cual es clave para poder diseñar e implementar soluciones efectivas e innovadoras. </span></p>
<p style="text-align: justify;"><span style="font-weight: 400; font-size: 15px;">De forma paralela, estamos orgullosos de impulsar un desarrollo sostenible desde la Fundación Alter Eco, creada al alero de nuestra empresa, y a través de la cual, podremos contribuir a una mejor calidad vida y cuidado del medio ambiente.</span></p>
<p>[/vc_column_text][/vc_column][vc_column width=&#8221;1/4&#8243;][vc_btn title=&#8221;Contacto&#8221; style=&#8221;outline&#8221; shape=&#8221;round&#8221; size=&#8221;xl&#8221; skin=&#8221;primary&#8221; link=&#8221;url:https%3A%2F%2Fvalorambiental.cl%2Fnueva%2Fcontacto%2F|||&#8221;][/vc_column][/vc_row][vc_row wrap_container=&#8221;yes&#8221; is_section=&#8221;yes&#8221; remove_margin_top=&#8221;yes&#8221; remove_margin_bottom=&#8221;yes&#8221; remove_border=&#8221;yes&#8221;][vc_column][vc_row_inner animation_delay=&#8221;100&#8243; el_class=&#8221;align-items-center&#8221; animation_type=&#8221;fadeInRight&#8221;][vc_column_inner width=&#8221;1/3&#8243;][vc_single_image image=&#8221;3308&#8243; img_size=&#8221;full&#8221; el_class=&#8221;mt-4&#8243;][/vc_column_inner][vc_column_inner width=&#8221;2/3&#8243;]<div class="porto-u-heading" data-hspacer="no_spacer" data-halign="left" style="text-align:left"><div class="porto-u-main-heading"><h2 style="margin-bottom: 20px;font-size:25px;">Asesoría en Gestión de Permisos Sectoriales Ambientales</h2></div><div class="porto-u-sub-heading" style="font-size:16.8px;line-height:26px;">• Identificación de permisos aplicables a un proyecto.</p>
<p>• Gestión estratégica de permisos.</p>
<p>• Auditorías de cumplimiento.</p>
<p>• Elaboración, tramitación y seguimiento de los permisos sectoriales identificados.</p>
<p>• Desarrollo de Ingenierías.</div></div>[/vc_column_inner][/vc_row_inner][vc_separator color=&#8221;custom&#8221; gap=&#8221;tall&#8221; gradient=&#8221;yes&#8221;][vc_row_inner animation_delay=&#8221;100&#8243; el_class=&#8221;align-items-center&#8221; animation_type=&#8221;fadeInRight&#8221;][vc_column_inner el_class=&#8221;order-md-2&#8243; width=&#8221;1/3&#8243;][vc_single_image image=&#8221;3309&#8243; img_size=&#8221;full&#8221; el_class=&#8221;mt-4&#8243;][/vc_column_inner][vc_column_inner width=&#8221;2/3&#8243;]<div class="porto-u-heading" data-hspacer="no_spacer" data-halign="left" style="text-align:left"><div class="porto-u-main-heading"><h2 style="margin-bottom: 20px;font-size:25px;">Asesoría en Servicios Ambientales</h2></div><div class="porto-u-sub-heading" style="font-size:16.8px;line-height:26px;">• Auditoria, control y seguimiento del cumplimiento de compromisos ambientales.</p>
<p>• Elaboración de consultas de pertinencia</p>
<p>• Gestión ambiental estratégica para proyectos</p>
<p>• Planes de gestión técnico-legal-ambiental.</p>
<p>• Elaboración de permisos ambientales sectoriales (PAS).</p>
<p>• Asesorías ambientales de especialidad: Hidrología, flora, fauna, suelos, arqueología, ruido.</p>
<p>• Monitoreo ambiental: Flora, fauna, arqueología, ruido.</div></div>[/vc_column_inner][/vc_row_inner][vc_separator color=&#8221;custom&#8221; gap=&#8221;tall&#8221; gradient=&#8221;yes&#8221;][vc_row_inner animation_delay=&#8221;100&#8243; el_class=&#8221;align-items-center&#8221; animation_type=&#8221;fadeInLeft&#8221;][vc_column_inner width=&#8221;1/3&#8243;][vc_single_image image=&#8221;3307&#8243; img_size=&#8221;full&#8221; el_class=&#8221;mt-4&#8243;][/vc_column_inner][vc_column_inner width=&#8221;2/3&#8243;]<div class="porto-u-heading" data-hspacer="no_spacer" data-halign="left" style="text-align:left"><div class="porto-u-main-heading"><h2 style="margin-bottom: 20px;font-size:25px;">Desarrollo de Proyectos de Ingeniería - Arquitectura - Industrial</h2></div><div class="porto-u-sub-heading" style="font-size:16.8px;line-height:26px;">• <b>Arquitectura: </b>Planificación industrial y territorial, estandarización de normativa vigente para edificaciones, modelos de arquitectura e ingeniería BIM. Loteos para viviendas sociales (SERVIU).</p>
<p>• <b>Ingenierías: </b>Conceptual, básica y de detalle.</p>
<p>• <b>Industrial: </b>Estudio de carga de combustibles para instalaciones industriales.</div></div>[/vc_column_inner][/vc_row_inner][vc_separator color=&#8221;custom&#8221; accent_color=&#8221;#dddddd&#8221;][vc_row_inner animation_type=&#8221;fadeInLeft&#8221; el_class=&#8221;align-items-center&#8221;][vc_column_inner width=&#8221;2/3&#8243;]<div class="porto-u-heading" data-hspacer="no_spacer" data-halign="left" style="text-align:left"><div class="porto-u-main-heading"><h2 style="margin-bottom: 20px;font-size:25px;">Servicios Complementarios</h2></div><div class="porto-u-sub-heading" style="font-size:16.8px;line-height:26px;">
<p style="text-align: left;">• <strong>Seguridad Industrial:</strong> Auditoría de cumplimiento de estándares de seguridad, habilitación de personal en faenas mineras, capacitaciones, elaboración de procedimientos y matrices de riesgo.</p>
<p style="text-align: left;">• <strong>Reportabilidad, Registro y Trazabilidad</strong> de proyectos y/o permisos.</p>
<p></div></div>[/vc_column_inner][vc_column_inner width=&#8221;1/3&#8243;][vc_single_image image=&#8221;3392&#8243; img_size=&#8221;full&#8221; label=&#8221;&#8221; el_class=&#8221;mt-4&#8243;][/vc_column_inner][/vc_row_inner][/vc_column][/vc_row][vc_row full_width=&#8221;stretch_row_content_no_spaces&#8221; content_placement=&#8221;middle&#8221; video_bg=&#8221;yes&#8221; video_bg_url=&#8221;https://www.youtube.com/watch?v=zQj8exS-hTM&amp;feature=youtu.be&amp;ab_channel=FabianVallejos&#8221;][vc_column offset=&#8221;vc_hidden-xs&#8221;][vc_empty_space height=&#8221;400px&#8221;][/vc_column][/vc_row]</p>

<p>[vc_row wrap_container=&#8221;yes&#8221; css=&#8221;.vc_custom_1543831225971{padding-top: 50px !important;}&#8221;][vc_column][/vc_column][/vc_row][vc_row full_width=&#8221;stretch_row&#8221; equal_height=&#8221;yes&#8221; content_placement=&#8221;middle&#8221; wrap_container=&#8221;yes&#8221;][vc_column width=&#8221;3/4&#8243;][vc_column_text] Aprobaciones Ambientales y Sectoriales, para que la industria pueda llevar a cabo sus operaciones. En Valor Ambiental ® brindamos una asesoría integral que entrega un sólido respaldo a nuestros clientes en las diferentes etapas de sus proyectos, con el fin de que cumplan con sus compromisos en [&hellip;]</p>
